e 10, what is -628 + 2?
-626
In base 8, what is -22 - 15?
-37
In base 3, what is -11020102 + 20?
-11020012
In base 6, what is 424 + 3?
431
In base 4, what is -2 - 10022?
-10030
In base 4, what is 10130 + 3?
10133
In base 11, what is -8a + -3?
-92
In base 9, what is -10 - -43?
33
In base 12, what is 72 + 6?
78
In base 13, what is -9 + 23b?
232
In base 13, what is -225 + 2?
-223
In base 12, what is 594 - 4?
590
In base 6, what is 1 - 0?
1
In base 7, what is -3 - -526?
523
In base 6, what is 34 + -1?
33
In base 6, what is 4350 - -4?
4354
In base 3, what is -10 - -21002102?
21002022
In base 12, what is -4 + 26?
22
In base 16, what is -5e + 8?
-56
In base 9, what is -71 - -4?
-66
In base 16, what is -4f + -1?
-50
In base 11, what is 5 + 202?
207
In base 5, what is 12200 - 123?
12022
In base 2, what is -101 + -10001110111?
-10001111100
In base 11, what is 763 + -3?
760
In base 14, what is 12c + -4?
128
In base 15, what is -5 + d9?
d4
In base 11, what is 10 - -36?
46
In base 12, what is 1 + 151?
152
In base 16, what is 74 - 4?
70
In base 5, what is -4041 + -10?
-4101
In base 7, what is 4 - -11652?
11656
In base 13, what is 4 + 11?
15
In base 8, what is -2065 - 3?
-2070
In base 6, what is -14 - 55?
-113
In base 10, what is 1612 - 3?
1609
In base 12, what is 1 - -13?
14
In base 8, what is 1257 - 0?
1257
In base 10, what is -4 - 697?
-701
In base 9, what is 47 + -5?
42
In base 6, what is 0 + 52?
52
In base 2, what is -10100 + -101?
-11001
In base 14, what is 1 + -14b?
-14a
In base 3, what is -101 + -21?
-122
In base 16, what is -da5 + -5?
-daa
In base 6, what is 123 + 1053?
1220
In base 10, what is 3 + -68?
-65
In base 14, what is 238 + -3?
235
In base 12, what is -b + -27?
-36
In base 16, what is -15 - -ee?
d9
In base 4, what is 0 - -132000?
132000
In base 15, what is 1 - -1dd?
1de
In base 13, what is 22 - 1c?
3
In base 7, what is 3265 + -1?
3264
In base 9, what is -6 + -110?
-116
In base 8, what is 337 + 71?
430
In base 2, what is 11100 + 1011110?
1111010
In base 14, what is -80 - -46?
-38
In base 3, what is 112011 - 0?
112011
In base 15, what is 3 - -9c?
a0
In base 8, what is -332 - -4?
-326
In base 14, what is -57 + -1ba?
-233
In base 6, what is -5 + -14135?
-14144
In base 8, what is 637 - 6?
631
In base 15, what is c + de2?
dee
In base 16, what is e - -12?
20
In base 14, what is -1 + -504?
-505
In base 8, what is -211 + -66?
-277
In base 13, what is c + 27?
36
In base 2, what is 10001011100 + -110?
10001010110
In base 11, what is -4 + -267?
-270
In base 4, what is -112221 + -10?
-112231
In base 11, what is -77 - 2?
-79
In base 10, what is 7991 + 3?
7994
In base 14, what is 1 + -516?
-515
In base 16, what is 1 - 1d3?
-1d2
In base 4, what is 230112 - -1?
230113
In base 14, what is -23 - -1b?
-6
In base 16, what is -2 + 7c?
7a
In base 2, what is 1100011110111 + 11?
1100011111010
In base 8, what is 1366 - 0?
1366
In base 14, what is -173 - -18?
-159
In base 13, what is 3a - 3?
37
In base 7, what is 3465 + 3?
3501
In base 8, what is -417 - -5?
-412
In base 16, what is 1b8 - 7?
1b1
In base 4, what is -22110 + -20?
-22130
In base 3, what is 2 - -2102?
2111
In base 7, what is 1 - -200?
201
In base 13, what is -5 - -6b?
66
In base 4, what is 3 + -2130?
-2121
In base 14, what is 4 - 39?
-35
In base 10, what is 4 - -978?
982
In base 9, what is -7574 + 4?
-7570
In base 2, what is -1110010 - -10?
-1110000
In base 4, what is -3 + 3?
0
In base 15, what is -4 + 14a3?
149e
In base 3, what is -12 - 2100111?
-2100200
In base 8, what is -111 + 5?
-104
In base 12, what is 76 + 3?
79
In base 12, what is -5 - -259?
254
In base 9, what is 5 + 83?
88
In base 3, what is -101 - 2220?
-10021
In base 14, what is -4c + 94?
46
In base 5, what is -4 - 310?
-314
In base 16, what is 5 + -59?
-54
In base 11, what is 0 + -144?
-144
In base 9, what is -6 - -30?
23
In base 8, what is -27 - 1?
-30
In base 15, what is -79 - -d?
-6b
In base 15, what is 535 - 0?
535
In base 2, what is -111 + -1000110?
-1001101
In base 13, what is -1 - -121?
120
In base 12, what is 72 - 5?
69
In base 9, what is 0 - 84?
-84
In base 13, what is 4 + 260?
264
In base 11, what is -989 - 0?
-989
In base 5, what is -13 + -22?
-40
In base 2, what is 100110000 + -11?
100101101
In base 9, what is 17 + 3?
21
In base 11, what is 5 + a3?
a8
In base 14, what is 2 + 48?
4a
In base 4, what is 1 + 1212?
1213
In base 15, what is -5 + -7e9?
-7ee
In base 5, what is 4 - -404?
413
In base 14, what is -4 - 105?
-109
In base 12, what is 11 + 13?
24
In base 8, what is 1352 + -1?
1351
In base 5, what is 11 - -10141?
10202
In base 15, what is -1 + -a8?
-a9
In base 5, what is -10 + -233?
-243
In base 13, what is 105 + 14?
119
In base 2, what is 10 + -10101101?
-10101011
In base 15, what is 2 - b1?
-ae
In base 9, what is 17 - -148?
166
In base 5, what is -4 + -222?
-231
In base 3, what is 111112 + 2?
111121
In base 7, what is -1 - -140?
136
In base 2, what is 101 + -111010111?
-111010010
In base 2, what is -10 + -1000101010?
-1000101100
In base 14, what is -7 - 8?
-11
In base 13, what is -265 + -7?
-26c
In base 12, what is 77 + -4a?
29
In base 15, what is -315 + 1?
-314
In base 7, what is -14342 - -5?
-14334
In base 8, what is -13 + 23?
10
In base 9, what is 165 - -123?
288
In base 2, what is -110 + 10110011?
10101101
In base 14, what is -1 + 272?
271
In base 2, what is -1 - 1001111100?
-1001111101
In base 10, what is 306 - -2?
308
In base 6, what is 211 + 1?
212
In base 2, what is -11 + 101101?
101010
In base 3, what is 2 - 101110?
-101101
In base 12, what is 6a + -13?
57
In base 4, what is -1 - 11331?
-11332
In base 2, what is 11 - -1110010101?
1110011000
In base 9, what is 0 + -4?
-4
In base 4, what is 12010 - 10?
12000
In base 8, what is -30 - -134?
104
In base 11, what is -6 + -5a?
-65
In base 13, what is 11 - -b3?
c4
In base 12, what is -a5 + -5?
-aa
In base 8, what is -12 - -10?
-2
In base 13, what is -5a - -7?
-53
In base 14, what is 5 + a8?
ad
In base 2, what is 1101101 - 101?
1101000
In base 5, what is 4 - -123023?
123032
In base 6, what is 1 - 201?
-200
In base 8, what is -5727 + 4?
-5723
In base 7, what is -260 - -26?
-231
In base 5, what is -1222 - -1?
-1221
In base 2, what is 1011110011001 - -1?
1011110011010
In base 4, what is 3 + -100?
-31
In base 7, what is -65 + 42?
-23
In base 10, what is -3 + -214?
-217
In base 12, what is 1b - 6?
15
In base 9, what is -1 - -743?
742
In base 2, what is 1010110110 - 101?
1010110001
In base 5, what is -12020 - -10?
-12010
In base 11, what is -166 + 6?
-160
In base 2, what is 100 - 101100?
-101000
In base 10, what is 12 + -41?
-29
In base 16, what is -5 + -21?
-26
In base 3, what is -20002220 + 12?
-20002201
In base 15, what is 460c + 0?
460c
In base 4, what is 1 + 3212?
3213
In base 4, what is -32 + -12033?
-12131
In base 2, what is -10 - 10110011?
-10110101
In base 16, what is -3b - 1b?
-56
In base 6, what is -4 - 405?
-413
In base 15, what is -53d4 - -4?
-53d0
In base 11, what is 63 + 4?
67
In base 10, what is 0 + 233?
233
In base 15, what is -5 - -292?
28c
In base 5, what is -3 - -123?
120
In base 7, what is -4 - 1266?
-1303
In base 10, what is 225 - -4?
229
In base 14, what is 1 - 9a?
-99
In base 2, what is -1011111011 + -110?
-1100000001
In base 7, what is 26 - 46?
-20
In base 12, what is 32b + 21?
350
In base 2, what is -11101 - 1101?
-101010
In base 7, what is 1516 - -4?
1523
In base 14, what is a22 + -1?
a21
In base 7, what is 25 + -1603?
-1545
In base 15, what is 557 - 5?
552
In base 16, what is 2f - 4?
2b
In base 5, what is 23 + -1?
22
In base 9, what is -5 + 254?
248
In base 16, what is -5 + 3?
-2
In base 11, what is 1231 - -2?
1233
In base 7, what is -2335 - -3?
-2332
In base 12, what is -a90 + 6?
-a86
In base 3, what is 10 - 2100?
-2020
In base 5, what is 2 - -12142?
12144
In base 13, what is -5 - 53?
-58
In base 8, what is 1174 + 3?
1177
In base 2, what is 10010110110101 - -1?
10010110110110
In base 2, what is 10001100101 - 101?
10001100000
In base 7, what is -2 + 12420?
12415
In base 6, what is 10343 - -3?
10350
In base 10, what is -4860 - -4?
-4856
In base 12, what is -3a + 6?
-34
In base 13, what is -27 - 7?
-31
In base 11, what is -67a5 - 0?
-67a5
In base 8, what is 3674 + 14?
3710
In base 11, what is 3 + 15?
18
In base 12, what is 1115 - 9?
1108
In base 11, wha